s the ten thousands digit of 1379069?
7
What is the units digit of 405222?
2
What is the hundred thousands digit of 257409?
2
What is the hundreds digit of 4349581?
5
What is the tens digit of 21083648?
4
What is the hundreds digit of 15758130?
1
What is the ten thousands digit of 6115422?
1
What is the thousands digit of 1525539?
5
What is the thousands digit of 11449703?
9
What is the hundred thousands digit of 1368287?
3
What is the hundred thousands digit of 3583786?
5
What is the tens digit of 1121728?
2
What is the hundred thousands digit of 3785095?
7
What is the hundred thousands digit of 799376?
7
What is the tens digit of 182678?
7
What is the hundreds digit of 7166845?
8
What is the units digit of 94153?
3
What is the units digit of 1315231?
1
What is the tens digit of 22409?
0
What is the units digit of 293953?
3
What is the tens digit of 197857?
5
What is the hundreds digit of 3651480?
4
What is the hundreds digit of 482851?
8
What is the hundred thousands digit of 2175818?
1
What is the tens digit of 179577?
7
What is the units digit of 2569055?
5
What is the tens digit of 1585078?
7
What is the ten thousands digit of 168407?
6
What is the thousands digit of 690851?
0
What is the hundreds digit of 478351?
3
What is the hundreds digit of 699867?
8
What is the tens digit of 1077996?
9
What is the ten thousands digit of 249042?
4
What is the tens digit of 33750044?
4
What is the thousands digit of 477675?
7
What is the ten thousands digit of 2957998?
5
What is the tens digit of 740742?
4
What is the hundreds digit of 4113561?
5
What is the ten millions digit of 29651556?
2
What is the hundred thousands digit of 618590?
6
What is the hundred thousands digit of 925527?
9
What is the ten thousands digit of 14302654?
0
What is the thousands digit of 53932?
3
What is the hundreds digit of 10326165?
1
What is the hundreds digit of 27910019?
0
What is the tens digit of 821234?
3
What is the millions digit of 29525425?
9
What is the hundred thousands digit of 23680693?
6
What is the units digit of 4661201?
1
What is the thousands digit of 484343?
4
What is the hundreds digit of 942277?
2
What is the thousands digit of 11662385?
2
What is the ten thousands digit of 568768?
6
What is the tens digit of 93184?
8
What is the units digit of 1816676?
6
What is the hundred thousands digit of 9146232?
1
What is the units digit of 456747?
7
What is the tens digit of 570620?
2
What is the ten thousands digit of 913319?
1
What is the hundred thousands digit of 764231?
7
What is the thousands digit of 2735257?
5
What is the ten millions digit of 29621033?
2
What is the ten thousands digit of 2429959?
2
What is the units digit of 3122278?
8
What is the thousands digit of 352996?
2
What is the hundreds digit of 703141?
1
What is the tens digit of 2162322?
2
What is the hundred thousands digit of 383151?
3
What is the hundred thousands digit of 1741150?
7
What is the thousands digit of 23041341?
1
What is the units digit of 64438?
8
What is the hundreds digit of 160128?
1
What is the ten millions digit of 12941408?
1
What is the ten thousands digit of 358339?
5
What is the tens digit of 120060?
6
What is the ten thousands digit of 580090?
8
What is the ten thousands digit of 9349750?
4
What is the units digit of 2461685?
5
What is the units digit of 566688?
8
What is the units digit of 1420396?
6
What is the ten thousands digit of 242755?
4
What is the ten millions digit of 16851751?
1
What is the units digit of 362968?
8
What is the thousands digit of 424656?
4
What is the millions digit of 9452772?
9
What is the units digit of 330371?
1
What is the units digit of 218214?
4
What is the hundreds digit of 133925?
9
What is the hundreds digit of 121772?
7
What is the tens digit of 3816781?
8
What is the ten thousands digit of 301129?
0
What is the tens digit of 75907?
0
What is the thousands digit of 1746697?
6
What is the thousands digit of 9394734?
4
What is the thousands digit of 44862?
4
What is the units digit of 10421?
1
What is the tens digit of 990819?
1
What is the millions digit of 9156278?
9
What is the thousands digit of 181001?
1
What is the ten thousands digit of 894811?
9
What is the hundred thousands digit of 866930?
8
What is the thousands digit of 912610?
2
What is the tens digit of 446583?
8
What is the ten thousands digit of 136158?
3
What is the units digit of 8787508?
8
What is the hundred thousands digit of 2048323?
0
What is the thousands digit of 31928768?
8
What is the tens digit of 652642?
4
What is the hundreds digit of 6241962?
9
What is the tens digit of 327249?
4
What is the thousands digit of 2499887?
9
What is the hundred thousands digit of 2305713?
3
What is the hundred thousands digit of 2983276?
9
What is the hundred thousands digit of 9065605?
0
What is the ten thousands digit of 96220?
9
What is the hundreds digit of 90494?
4
What is the tens digit of 2569322?
2
What is the hundreds digit of 273891?
8
What is the hundred thousands digit of 845651?
8
What is the ten thousands digit of 1034698?
3
What is the tens digit of 10881673?
7
What is the hundred thousands digit of 3512546?
5
What is the ten thousands digit of 79863?
7
What is the hundred thousands digit of 470654?
4
What is the ten thousands digit of 4425934?
2
What is the hundred thousands digit of 239419?
2
What is the ten thousands digit of 17567738?
6
What is the thousands digit of 13517?
3
What is the hundred thousands digit of 904927?
9
What is the hundreds digit of 6068916?
9
What is the units digit of 2302886?
6
What is the units digit of 709857?
7
What is the units digit of 4142960?
0
What is the tens digit of 301239?
3
What is the units digit of 22254025?
5
What is the hundreds digit of 14142?
1
What is the units digit of 4382041?
1
What is the thousands digit of 3052402?
2
What is the hundreds digit of 3376912?
9
What is the tens digit of 9765346?
4
What is the thousands digit of 109640?
9
What is the thousands digit of 40656?
0
What is the hundreds digit of 494664?
6
What is the ten millions digit of 10169634?
1
What is the hundred thousands digit of 374414?
3
What is the hundred thousands digit of 5595034?
5
What is the thousands digit of 21063610?
3
What is the thousands digit of 254746?
4
What is the millions digit of 10195075?
0
What is the ten thousands digit of 601265?
0
What is the tens digit of 154506?
0
What is the hundred thousands digit of 1072005?
0
What is the hundreds digit of 18291564?
5
What is the tens digit of 34718?
1
What is the hundred thousands digit of 648241?
6
What is the units digit of 403261?
1
What is the units digit of 1223624?
4
What is the thousands digit of 121803?
1
What is the ten thousands digit of 263810?
6
What is the millions digit of 2901926?
2
What is the hundreds digit of 44747?
7
What is the hundred thousands digit of 8863231?
8
What is the hundred thousands digit of 2751451?
7
What is the ten thousands digit of 1799327?
9
What is the thousands digit of 3592421?
2
What is the ten thousands digit of 10539104?
3
What is the tens digit of 1143152?
5
What is the units digit of 1641106?
6
What is the ten thousands digit of 324811?
2
What is the ten thousands digit of 1088406?
8
What is the ten thousands digit of 14317967?
1
What is the thousands digit of 277866?
7
What is the units digit of 138989?
9
What is the ten thousands digit of 2147827?
4
What is the hundreds digit of 137235?
2
What is the tens digit of 29200114?
1
What is the hundred thousands digit of 1697310?
6
What is the hundreds digit of 76871?
8
What is the hundreds digit of 123651?
6
What is the units digit of 279734?
4
What is the hundred thousands digit of 25945612?
9
What is the thousands digit of 13649603?
9
What is the tens digit of 2722874?
7
What is the tens digit of 806148?
4
What is the ten thousands digit of 505443?
0
What is the tens digit of 703894?
9
What is the units digit of 800013?
3
What is the hundred thousands digit of 200062?
2
What is the hundreds digit of 755127?
1
What is the units digit of 941451?
1
What is the millions digit of 14796775?
4
What is the thousands digit of 2956457?
6
What is the tens digit of 27133808?
0
What is the units digit of 3584719?
9
What is the ten thousands digit of 1551699?
5
What is the thousands 